hen 309575 is divided by 253?
156
What is the remainder when 80854453 is divided by 84842?
27
What is the remainder when 5622 is divided by 4741?
881
What is the remainder when 4174486 is divided by 41?
30
What is the remainder when 118815 is divided by 3276?
879
What is the remainder when 81562248 is divided by 2773?
2772
Calculate the remainder when 19873487 is divided by 50.
37
What is the remainder when 3498664 is divided by 662?
656
Calculate the remainder when 15664 is divided by 3097.
179
Calculate the remainder when 1074297428 is divided by 92.
88
What is the remainder when 1054425 is divided by 44?
9
What is the remainder when 83263 is divided by 40999?
1265
What is the remainder when 13472418 is divided by 454?
422
What is the remainder when 31272016 is divided by 47?
2
Calculate the remainder when 178039 is divided by 5227.
321
What is the remainder when 78034 is divided by 4487?
1755
Calculate the remainder when 10359146 is divided by 3272.
3266
What is the remainder when 8255655 is divided by 1375908?
207
What is the remainder when 13364 is divided by 12941?
423
What is the remainder when 1105814 is divided by 221161?
9
What is the remainder when 1272803 is divided by 424267?
2
Calculate the remainder when 41690 is divided by 2438.
244
Calculate the remainder when 259393 is divided by 3713.
3196
What is the remainder when 18068 is divided by 6021?
5
Calculate the remainder when 52241 is divided by 318.
89
What is the remainder when 3542575 is divided by 20128?
47
Calculate the remainder when 79703457 is divided by 1622.
1621
What is the remainder when 3898197 is divided by 649697?
15
What is the remainder when 13882809 is divided by 4627590?
39
What is the remainder when 419192 is divided by 423?
422
What is the remainder when 3279464 is divided by 435?
434
What is the remainder when 2318845 is divided by 13?
9
What is the remainder when 3751970 is divided by 304?
2
Calculate the remainder when 864123 is divided by 18002.
27
Calculate the remainder when 198310 is divided by 198302.
8
What is the remainder when 44233 is divided by 343?
329
Calculate the remainder when 6319 is divided by 3897.
2422
What is the remainder when 9858727 is divided by 27?
1
What is the remainder when 6749697 is divided by 37086?
45
What is the remainder when 82113 is divided by 6508?
4017
What is the remainder when 8860701 is divided by 239477?
52
Calculate the remainder when 487620 is divided by 1142.
1128
Calculate the remainder when 1601067 is divided by 30787.
143
What is the remainder when 945816 is divided by 83?
31
What is the remainder when 24536 is divided by 12137?
262
Calculate the remainder when 1114334 is divided by 371403.
125
What is the remainder when 79514 is divided by 25549?
2867
Calculate the remainder when 27812852 is divided by 496658.
4
Calculate the remainder when 32123 is divided by 9657.
3152
What is the remainder when 80707 is divided by 11471?
410
What is the remainder when 54542438 is divided by 73?
50
Calculate the remainder when 46567 is divided by 15515.
22
Calculate the remainder when 63683777 is divided by 207.
20
Calculate the remainder when 925960 is divided by 281.
65
What is the remainder when 2297685 is divided by 60?
45
What is the remainder when 2334442 is divided by 32879?
33
What is the remainder when 102207 is divided by 1549?
1522
Calculate the remainder when 170397741 is divided by 35.
31
What is the remainder when 8370187 is divided by 1046273?
3
What is the remainder when 6318205 is divided by 131629?
13
What is the remainder when 588641 is divided by 2853?
923
Calculate the remainder when 122095207 is divided by 49.
45
What is the remainder when 86630 is divided by 3608?
38
What is the remainder when 255435 is divided by 357?
180
What is the remainder when 12966288 is divided by 48?
0
Calculate the remainder when 82452440 is divided by 389.
0
Calculate the remainder when 1684341 is divided by 450.
441
What is the remainder when 200009203 is divided by 2585?
2583
What is the remainder when 7814 is divided by 118?
26
What is the remainder when 843630 is divided by 29?
20
Calculate the remainder when 11197266 is divided by 70.
66
What is the remainder when 64891 is divided by 15904?
1275
What is the remainder when 11017403 is divided by 8?
3
Calculate the remainder when 22397 is divided by 2491.
2469
Calculate the remainder when 40974075 is divided by 896.
891
What is the remainder when 749137 is divided by 92?
73
What is the remainder when 185402 is divided by 736?
666
What is the remainder when 121358 is divided by 104?
94
Calculate the remainder when 31615426 is divided by 3.
1
What is the remainder when 176315 is divided by 42?
41
Calculate the remainder when 18352033 is divided by 117.
115
What is the remainder when 182353 is divided by 60537?
742
What is the remainder when 622276423 is divided by 2342?
2339
What is the remainder when 1415077 is divided by 62?
51
Calculate the remainder when 583108 is divided by 358.
284
Calculate the remainder when 1185537 is divided by 4631.
1
What is the remainder when 52063 is divided by 186?
169
Calculate the remainder when 514828 is divided by 119.
34
What is the remainder when 2366137 is divided by 1183042?
53
What is the remainder when 20822 is divided by 981?
221
What is the remainder when 956582 is divided by 184?
150
What is the remainder when 70974958 is divided by 560?
558
Calculate the remainder when 412076 is divided by 137355.
11
What is the remainder when 54194620 is divided by 506?
502
Calculate the remainder when 93447876 is divided by 2123815.
16
Calculate the remainder when 605719 is divided by 441.
226
What is the remainder when 82654 is divided by 1070?
264
Calculate the remainder when 139943 is divided by 8744.
39
Calculate the remainder when 235168 is divided by 47030.
18
What is the remainder when 1092422 is divided by 546171?
80
Calculate the remainder when 2775734 is divided by 20.
14
Calculate the remainder when 2540956 is divided by 430.
86
Calculate the remainder when 6575051 is divided by 687.
461
What is the remainder when 622578 is divided by 28271?
616
Calculate the remainder when 5480010 is divided by 684984.
138
Calculate the remainder when 26634788 is divided by 29.
28
What is the remainder when 9949 is divided by 1603?
331
What is the remainder when 34088 is divided by 6077?
3703
What is the remainder when 150172 is divided by 2779?
106
What is the remainder when 235431995 is divided by 11?
7
Calculate the remainder when 641728 is divided by 6055.
5953
Calculate the remainder when 1045721 is divided by 40220.
1
What is the remainder when 95095 is divided by 52?
39
What is the remainder when 7251194 is divided by 3909?
3908
What is the remainder when 220513 is divided by 520?
33
What is the remainder when 57009 is divided by 1502?
1435
What is the remainder when 4271491 is divided by 1871?
1869
What is the remainder when 13182 is divided by 673?
395
What is the remainder when 60429848 is divided by 5998?
5996
What is the remainder when 2452842 is divided by 182?
28
What is the remainder when 56021507 is divided by 147814?
1
What is the remainder when 1119558 is divided by 1557?
75
What is the remainder when 444531 is divided by 736?
723
What is the remainder when 102192 is divided by 6350?
592
Calculate the remainder when 22977248 is divided by 3791.
3788
What is the remainder when 5232912 is divided by 436068?
96
What is the remainder when 263802 is divided by 130701?
2400
What is the remainder when 52488373 is divided by 4?
1
What is the remainder when 21799 is divided by 20072?
1727
Calculate the remainder when 42225 is divided by 2945.
995
What is the remainder when 1430339 is divided by 3207?
17
Calculate the remainder when 24819661 is divided by 50344.
69
What is the remainder when 24879314 is divided by 12439626?
62
What is the remainder when 2399735 is divided by 238?
219
What is the remainder when 642229 is divided by 753?
673
Calculate the remainder when 259286 is divided by 28231.
5207
What is the remainder when 382634 is divided by 382477?
157
Calculate the remainder when 985389 is divided by 100.
89
Calculate the remainder when 11124 is divided by 72.
36
What is the remainder when 3986227 is divided by 402?
397
Calc